te number?
True
Is 315026 prime?
False
Is 9533 composite?
False
Is 162821 prime?
True
Is 4617479 composite?
False
Is 7661 composite?
True
Is 298173 prime?
False
Is 8779 a prime number?
True
Is 50833 composite?
False
Is 7789 prime?
True
Is 476401 prime?
True
Is 48593 a composite number?
False
Is 23783 a prime number?
False
Is 216143 prime?
False
Is 1344878 composite?
True
Is 2579 a prime number?
True
Is 16729 prime?
True
Is 3907 a prime number?
True
Is 153163 a composite number?
True
Is 289417 prime?
True
Is 25013 composite?
False
Is 407 composite?
True
Is 7709 prime?
False
Is 2309 prime?
True
Is 5006 a composite number?
True
Is 92527 a prime number?
False
Is 458207 composite?
False
Is 69365 prime?
False
Is 55749 composite?
True
Is 50291 prime?
True
Is 45299 a prime number?
False
Is 45863 a composite number?
False
Is 165415 prime?
False
Is 82063 a composite number?
True
Is 42587 prime?
False
Is 3749 composite?
True
Is 73897 a composite number?
False
Is 622603 prime?
True
Is 12323 composite?
False
Is 254923 a prime number?
False
Is 397237 prime?
True
Is 2159 prime?
False
Is 984454 composite?
True
Is 10301 composite?
False
Is 54427 a composite number?
True
Is 1385459 composite?
False
Is 161153 a prime number?
False
Is 769198 prime?
False
Is 563029 composite?
True
Is 67 prime?
True
Is 417 a composite number?
True
Is 1973 composite?
False
Is 374531 a prime number?
True
Is 1185589 prime?
True
Is 264553 composite?
False
Is 71731 composite?
True
Is 197531 a composite number?
True
Is 476943 composite?
True
Is 128393 composite?
False
Is 430349 a composite number?
True
Is 247691 a composite number?
False
Is 10061 a prime number?
True
Is 37405 a composite number?
True
Is 64007 composite?
False
Is 62621 composite?
True
Is 14851 a prime number?
True
Is 28453 prime?
False
Is 8581 composite?
False
Is 96146 a composite number?
True
Is 258917 prime?
True
Is 106741 composite?
True
Is 135854 a composite number?
True
Is 737627 a composite number?
True
Is 211 a composite number?
False
Is 5207 composite?
True
Is 23137 prime?
False
Is 109189 a composite number?
True
Is 1372243 prime?
True
Is 256273 a prime number?
False
Is 3003081 prime?
False
Is 33703 a composite number?
False
Is 27323 a prime number?
False
Is 28437 a prime number?
False
Is 10921 a prime number?
False
Is 1661237 prime?
True
Is 353063 composite?
True
Is 18013 a prime number?
True
Is 19181 a composite number?
False
Is 108371 a prime number?
False
Is 513557 a prime number?
False
Is 18949 a composite number?
True
Is 502919 a composite number?
False
Is 3433 a prime number?
True
Is 177787 prime?
True
Is 51665 a composite number?
True
Is 54737 prime?
False
Is 1665253 a prime number?
False
Is 557 a prime number?
True
Is 1181 composite?
False
Is 7069 composite?
False
Is 161321 a composite number?
True
Is 2155793 composite?
False
Is 302721 prime?
False
Is 10645 a composite number?
True
Is 33391 prime?
True
Is 25057 a prime number?
True
Is 74065 a prime number?
False
Is 822517 a prime number?
True
Is 33401 composite?
True
Is 543977 a prime number?
False
Is 4541353 prime?
False
Is 604867 composite?
False
Is 5209 prime?
True
Is 35983 composite?
False
Is 1793971 a prime number?
True
Is 504929 prime?
True
Is 8191 a composite number?
False
Is 64033 a composite number?
False
Is 36251 a composite number?
False
Is 167747 a composite number?
False
Is 348431 prime?
True
Is 54707 prime?
False
Is 1363 a composite number?
True
Is 392669 prime?
True
Is 19289 a prime number?
True
Is 241117 prime?
True
Is 1003 a prime number?
False
Is 191413 prime?
True
Is 8441 a prime number?
False
Is 73961 prime?
True
Is 6181 a prime number?
False
Is 59827 composite?
True
Is 131891 composite?
False
Is 2352163 a composite number?
True
Is 9505 prime?
False
Is 3252299 a composite number?
False
Is 363299 composite?
True
Is 1043047 a composite number?
False
Is 1605547 a prime number?
True
Is 709463 a prime number?
False
Is 276869 a composite number?
False
Is 5647 a composite number?
False
Is 1107989 a composite number?
False
Is 1559839 a composite number?
False
Is 512047 prime?
True
Is 21241 a composite number?
True
Is 1640113 composite?
True
Is 33679 a prime number?
True
Is 32663 prime?
False
Is 77339 composite?
False
Is 14221 composite?
False
Is 2153 a prime number?
True
Is 146513 prime?
True
Is 6163 composite?
False
Is 423173 composite?
False
Is 410453 composite?
False
Is 1293 a composite number?
True
Is 56081 a composite number?
False
Is 38113 a composite number?
False
Is 1739 a composite number?
True
Is 128657 a composite number?
False
Is 279847 prime?
True
Is 18363 composite?
True
Is 55723 a prime number?
False
Is 9149801 composite?
False
Is 47431 a prime number?
True
Is 94687 a composite number?
False
Is 21467 composite?
False
Is 232937 composite?
False
Is 37447 a prime number?
True
Is 13133 a composite number?
True
Is 876893 a composite number?
False
Is 2609 composite?
False
Is 17558 a composite number?
True
Is 14173 a prime number?
True
Is 291077 a composite number?
False
Is 180151 prime?
False
Is 280886 prime?
False
Is 683543 a composite number?
True
Is 44947 a composite number?
True
Is 41257 a prime number?
True
Is 625231 composite?
False
Is 12151 a prime number?
False
Is 29329 composite?
True
Is 26747 prime?
False
Is 12569 prime?
True
Is 16291 a composite number?
True
Is 77683 a prime number?
False
Is 359039 a prime number?
False
Is 38351 composite?
False
Is 44755 prime?
False
Is 988339 a prime number?
False
Is 122242 prime?
False
Is 96137 a composite number?
False
Is 4741 composite?
True
Is 212411 composite?
False
Is 807 prime?
False
Is 16871 a composite number?
False
Is 7243 prime?
True
Is 289183 a prime number?
False
Is 1572749 a composite number?
False
Is 1617947 a composite number?
True
Is 18393 a composite number?
True
Is 44017 prime?
True
Is 5431 prime?
True
Is 780553 a prime number?
True
Is 2789 a prime number?
True
Is 94181 a prime number?
False
Is 75203 a prime number?
False
Is 57389 composite?
False
Is 1145 a composite number?
True
Is 6711 composite?
True
Is 16369 a composite number?
False
Is 5617 composite?
True
Is 1442377 composite?
False
Is 20287 a prime number?
True
Is 233293 a composite number?
False
Is 930547 composite?
False
Is 3613 composite?
False
Is 11903 a prime number?
True
Is 6547 composite?
False
Is 320167 composite?
True
Is 429599 prime?
True
Is 8201 prime?
False
Is 2927 prime?
True
Is 3637 composite?
False
Is 1352839 a prime number?
True
Is 87311 a prime number?
False
Is 1072069 prime?
False
Is 12226 prime?
False
Is 47191 a prime number?
False
Is 90659 composite?
False
Is 7501 a composite number?
True
Is 335941 prime?
True
Is 2077 prime?
False
Is 194041 a composite number?
True
Is 79927 prime?
False
Is 119859 a composite number?
True
Is 7642 a composite number?
True
Is 2957 a composite number?
False
Is 879 prime?
False
Is 211369 prime?
True
Is 24317 composite?
False
Is 387421 prime?
False
Is 315667 a prime number?
False
Is 23917 a composite number?
False
Is 4201 composite?
False
Is 99521 prime?
False
Is 1186199 composite?
True
Is 618551 prime?
False
Is 82117 a composite number?
True
Is 901 composite?
True
Is 93229 prime?
True
Is 13241 a composite number?
False
Is 59029 a composite number?
False
Is 24499 a prime number?
True
Is 45829 a prime number?
False
Is 187337 prime?
True
Is 533 composite?
True
Is 19315 a prime number?
False
Is 6143 a prime number?
True
Is 3622 composite?
True
Is 1371 a composite number?
True
Is 68171 composite?
False
Is 33227 prime?
False
Is 36591 a prime number?
False
Is 101399 a prime number?
True
Is 360521 prime?
False
Is 16495 composite?
True
Is 7003 prime?
False
Is 197507 a composite number?
False
Is 247373 a prime number?
False
Is 162683 prime?
True
Is 357229 a composite number?
False
Is 8663 composite?
False
Is 3887009 prime?
False
Is 5623 a composite number?
False
Is 374459 a prime number?
False
Is 39599 prime?
False
Is 654667 composite?
True
Is 6761 composite?
False
Is 125638 a prime number?
False
Is 327 a composite number?
True
Is 2462 prime?
False
Is 61681 a prime number?
True
Is 3593 a prime number?
True
Is 645571 prime?
True
Is 557551 composite?
False
Is 3899 a prime number?
False
Is 271247 a composite number?
True
Is 1294 a prime number?
False
Is 16619 a composite nu